{"id":136,"date":"2016-04-30T17:49:55","date_gmt":"2016-04-30T15:49:55","guid":{"rendered":"http:\/\/www.kulturundkuenste.de\/?page_id=136"},"modified":"2019-03-07T12:28:37","modified_gmt":"2019-03-07T11:28:37","slug":"kunst","status":"publish","type":"page","link":"https:\/\/www.kulturundkuenste.de\/?page_id=136","title":{"rendered":"Kunst"},"content":{"rendered":"<p>Im Bereich Kunst sind wir zur Zeit an folgenden Projekten t\u00e4tig:<\/p>\n<p>Leerstandsgalerie &#8211; Ausstellungen<br \/>\nDer Leerstand an Gesch\u00e4ften in Heckinghausen ist nicht zu \u00fcbersehen. Wir werden versuchen, mit Vermietern und K\u00fcnstlern ins Gespr\u00e4ch zu kommen, um in leerstehenden Gesch\u00e4ften \u00fcbergangsweise Kunst auszustellen.<\/p>\n<p>Exkursionen<br \/>\nVon Heckinghausen aus starten wir zusammen zu ausgew\u00e4hlten Kunst-Ausstellungen in NRW.<\/p>\n","protected":false},"excerpt":{"rendered":"<p>Im Bereich Kunst sind wir zur Zeit an folgenden Projekten t\u00e4tig: Leerstandsgalerie &#8211; Ausstellungen Der Leerstand an Gesch\u00e4ften in Heckinghausen ist nicht zu \u00fcbersehen. Wir werden versuchen, mit Vermietern und K\u00fcnstlern ins Gespr\u00e4ch zu kommen, um in leerstehenden Gesch\u00e4ften \u00fcbergangsweise Kunst auszustellen. Exkursionen Von Heckinghausen aus starten wir zusammen zu ausgew\u00e4hlten Kunst-Ausstellungen in NRW.<\/p>\n","protected":false},"author":1,"featured_media":0,"parent":70,"menu_order":0,"comment_status":"closed","ping_status":"closed","template":"","meta":[],"_links":{"self":[{"href":"https:\/\/www.kulturundkuenste.de\/index.php?rest_route=\/wp\/v2\/pages\/136"}],"collection":[{"href":"https:\/\/www.kulturundkuenste.de\/index.php?rest_route=\/wp\/v2\/pages"}],"about":[{"href":"https:\/\/www.kulturundkuenste.de\/index.php?rest_route=\/wp\/v2\/types\/page"}],"author":[{"embeddable":true,"href":"https:\/\/www.kulturundkuenste.de\/index.php?rest_route=\/wp\/v2\/users\/1"}],"replies":[{"embeddable":true,"href":"https:\/\/www.kulturundkuenste.de\/index.php?rest_route=%2Fwp%2Fv2%2Fcomments&post=136"}],"version-history":[{"count":6,"href":"https:\/\/www.kulturundkuenste.de\/index.php?rest_route=\/wp\/v2\/pages\/136\/revisions"}],"predecessor-version":[{"id":411,"href":"https:\/\/www.kulturundkuenste.de\/index.php?rest_route=\/wp\/v2\/pages\/136\/revisions\/411"}],"up":[{"embeddable":true,"href":"https:\/\/www.kulturundkuenste.de\/index.php?rest_route=\/wp\/v2\/pages\/70"}],"wp:attachment":[{"href":"https:\/\/www.kulturundkuenste.de\/index.php?rest_route=%2Fwp%2Fv2%2Fmedia&parent=136"}],"curies":[{"name":"wp","href":"https:\/\/api.w.org\/{rel}","templated":true}]}}

<p>Im Bereich Kunst sind wir zur Zeit an folgenden Projekten tätig:</p>
<p>Leerstandsgalerie &#8211; Ausstellungen<br />
Der Leerstand an Geschäften in Heckinghausen ist nicht zu übersehen. Wir werden versuchen, mit Vermietern und Künstlern ins Gespräch zu kommen, um in leerstehenden Geschäften übergangsweise Kunst auszustellen.</p>
<p>Exkursionen<br />
Von Heckinghausen aus starten wir zusammen zu ausgewählten Kunst-Ausstellungen in NRW.</p>

<p>Im Bereich Kunst sind wir zur Zeit an folgenden Projekten tätig: Leerstandsgalerie &#8211; Ausstellungen Der Leerstand an Geschäften in Heckinghausen ist nicht zu übersehen. Wir werden versuchen, mit Vermietern und Künstlern ins Gespräch zu kommen, um in leerstehenden Geschäften übergangsweise Kunst auszustellen. Exkursionen Von Heckinghausen aus starten wir zusammen zu ausgewählten Kunst-Ausstellungen in NRW.</p>
