{"id":72,"date":"2016-03-31T21:08:15","date_gmt":"2016-03-31T19:08:15","guid":{"rendered":"http:\/\/testversion.kulturundkuenste.de\/?page_id=72"},"modified":"2016-06-19T15:12:15","modified_gmt":"2016-06-19T13:12:15","slug":"verein","status":"publish","type":"page","link":"https:\/\/www.kulturundkuenste.de\/?page_id=72","title":{"rendered":"Verein"},"content":{"rendered":"<p>Der Verein hat sich zum Ziel gesetzt, kulturelle Veranstaltungen vornehmlich im Osten Wuppertals durchzuf\u00fchren und zu f\u00f6rdern.<\/p>\n<p>Wir stehen noch am Anfang und sind daher auf jede Unterst\u00fctzung angewiesen.<br \/>\nUnser Spendenkonto lautet:<\/p>\n<p>DE25 3305 0000 0000 7827 14 (Sparkasse Wuppertal)<\/p>\n","protected":false},"excerpt":{"rendered":"<p>Der Verein hat sich zum Ziel gesetzt, kulturelle Veranstaltungen vornehmlich im Osten Wuppertals durchzuf\u00fchren und zu f\u00f6rdern. Wir stehen noch am Anfang und sind daher auf jede Unterst\u00fctzung angewiesen. Unser Spendenkonto lautet: DE25 3305 0000 0000 7827 14 (Sparkasse Wuppertal)<\/p>\n","protected":false},"author":1,"featured_media":0,"parent":0,"menu_order":0,"comment_status":"closed","ping_status":"closed","template":"","meta":[],"_links":{"self":[{"href":"https:\/\/www.kulturundkuenste.de\/index.php?rest_route=\/wp\/v2\/pages\/72"}],"collection":[{"href":"https:\/\/www.kulturundkuenste.de\/index.php?rest_route=\/wp\/v2\/pages"}],"about":[{"href":"https:\/\/www.kulturundkuenste.de\/index.php?rest_route=\/wp\/v2\/types\/page"}],"author":[{"embeddable":true,"href":"https:\/\/www.kulturundkuenste.de\/index.php?rest_route=\/wp\/v2\/users\/1"}],"replies":[{"embeddable":true,"href":"https:\/\/www.kulturundkuenste.de\/index.php?rest_route=%2Fwp%2Fv2%2Fcomments&post=72"}],"version-history":[{"count":3,"href":"https:\/\/www.kulturundkuenste.de\/index.php?rest_route=\/wp\/v2\/pages\/72\/revisions"}],"predecessor-version":[{"id":247,"href":"https:\/\/www.kulturundkuenste.de\/index.php?rest_route=\/wp\/v2\/pages\/72\/revisions\/247"}],"wp:attachment":[{"href":"https:\/\/www.kulturundkuenste.de\/index.php?rest_route=%2Fwp%2Fv2%2Fmedia&parent=72"}],"curies":[{"name":"wp","href":"https:\/\/api.w.org\/{rel}","templated":true}]}}

<p>Der Verein hat sich zum Ziel gesetzt, kulturelle Veranstaltungen vornehmlich im Osten Wuppertals durchzuführen und zu fördern.</p>
<p>Wir stehen noch am Anfang und sind daher auf jede Unterstützung angewiesen.<br />
Unser Spendenkonto lautet:</p>
<p>DE25 3305 0000 0000 7827 14 (Sparkasse Wuppertal)</p>

<p>Der Verein hat sich zum Ziel gesetzt, kulturelle Veranstaltungen vornehmlich im Osten Wuppertals durchzuführen und zu fördern. Wir stehen noch am Anfang und sind daher auf jede Unterstützung angewiesen. Unser Spendenkonto lautet: DE25 3305 0000 0000 7827 14 (Sparkasse Wuppertal)</p>
